{"id":3822,"date":"2020-11-09T10:44:08","date_gmt":"2020-11-09T09:44:08","guid":{"rendered":"https:\/\/www.la-cave-de-villers.fr\/vente-en-ligne\/?post_type=product&#038;p=3822"},"modified":"2025-09-12T16:28:26","modified_gmt":"2025-09-12T14:28:26","slug":"biere-ambree-de-lodon-33-cl","status":"publish","type":"product","link":"https:\/\/www.la-cave-de-villers.fr\/vente-en-ligne\/produit\/biere-ambree-de-lodon-33-cl\/","title":{"rendered":"Bi\u00e8re ambree 6,2\u00b0 &#8211; Brasserie de l&#8217;Odon &#8211; 33 cl"},"content":{"rendered":"<div class=\"elementor-element elementor-element-c607f80 elementor-widget elementor-widget-text-editor\" data-id=\"c607f80\" data-element_type=\"widget\" data-widget_type=\"text-editor.default\">\n<div class=\"elementor-widget-container\">\n<div class=\"elementor-text-editor elementor-clearfix\">\n<p>L\u2019Ambr\u00e9e est une bi\u00e8re riche en ar\u00f4mes comme le pain grill\u00e9 ou le caramel. L\u2019Ambr\u00e9e est plut\u00f4t une bi\u00e8re ap\u00e9ritive mais elle accompagnera aussi vos plats en sauce id\u00e9alement.<\/p>\n<p>Pas moins de 3 malts sont utilis\u00e9s dans cette recette originale, pour obtenir \u00e0 la fois une belle robe et des ar\u00f4mes subtils.<\/p>\n<\/div>\n<\/div>\n<\/div>\n<div class=\"elementor-element elementor-element-e6ba754 elementor-widget elementor-widget-text-editor\" data-id=\"e6ba754\" data-element_type=\"widget\" data-widget_type=\"text-editor.default\">\n<div class=\"elementor-widget-container\">\n<div class=\"elementor-text-editor elementor-clearfix\">\n<p><span style=\"color: #ff0000\">M\u00e9daill\u00e9e d\u2019or au Concours G\u00e9n\u00e9ral Agricole de 2019<\/span><\/p>\n<\/div>\n<\/div>\n<\/div>\n","protected":false},"excerpt":{"rendered":"<p>L\u2019Ambr\u00e9e est une bi\u00e8re riche en ar\u00f4mes comme le pain grill\u00e9 ou le caramel. L\u2019Ambr\u00e9e est plut\u00f4t une bi\u00e8re ap\u00e9ritive mais elle accompagnera aussi vos plats en sauce id\u00e9alement. Pas moins de 3 malts sont utilis\u00e9s dans cette recette originale, pour obtenir \u00e0 la fois une belle robe et des ar\u00f4mes subtils. M\u00e9daill\u00e9e d\u2019or au&hellip;<\/p>\n","protected":false},"featured_media":4822,"template":"","meta":[],"product_cat":[72,55,73],"product_tag":[],"class_list":{"0":"post-3822","1":"product","2":"type-product","3":"status-publish","4":"has-post-thumbnail","6":"product_cat-biere-bouteille","7":"product_cat-bieres","8":"product_cat-brasserie-de-lodon","10":"first","11":"instock","12":"shipping-taxable","13":"purchasable","14":"product-type-simple","15":"col-xs-6 col-sm-4","16":"col-md-3 col-lg-3","17":"un-4-cols"},"aioseo_notices":[],"_links":{"self":[{"href":"https:\/\/www.la-cave-de-villers.fr\/vente-en-ligne\/wp-json\/wp\/v2\/product\/3822","targetHints":{"allow":["GET"]}}],"collection":[{"href":"https:\/\/www.la-cave-de-villers.fr\/vente-en-ligne\/wp-json\/wp\/v2\/product"}],"about":[{"href":"https:\/\/www.la-cave-de-villers.fr\/vente-en-ligne\/wp-json\/wp\/v2\/types\/product"}],"version-history":[{"count":0,"href":"https:\/\/www.la-cave-de-villers.fr\/vente-en-ligne\/wp-json\/wp\/v2\/product\/3822\/revisions"}],"wp:featuredmedia":[{"embeddable":true,"href":"https:\/\/www.la-cave-de-villers.fr\/vente-en-ligne\/wp-json\/wp\/v2\/media\/4822"}],"wp:attachment":[{"href":"https:\/\/www.la-cave-de-villers.fr\/vente-en-ligne\/wp-json\/wp\/v2\/media?parent=3822"}],"wp:term":[{"taxonomy":"product_cat","embeddable":true,"href":"https:\/\/www.la-cave-de-villers.fr\/vente-en-ligne\/wp-json\/wp\/v2\/product_cat?post=3822"},{"taxonomy":"product_tag","embeddable":true,"href":"https:\/\/www.la-cave-de-villers.fr\/vente-en-ligne\/wp-json\/wp\/v2\/product_tag?post=3822"}],"curies":[{"name":"wp","href":"https:\/\/api.w.org\/{rel}","templated":true}]}}