{"id":3848,"date":"2020-11-09T11:20:14","date_gmt":"2020-11-09T10:20:14","guid":{"rendered":"https:\/\/www.la-cave-de-villers.fr\/vente-en-ligne\/?post_type=product&#038;p=3848"},"modified":"2025-08-22T12:48:52","modified_gmt":"2025-08-22T10:48:52","slug":"whisky-fermier-normand-thorboyo","status":"publish","type":"product","link":"https:\/\/www.la-cave-de-villers.fr\/vente-en-ligne\/produit\/whisky-fermier-normand-thorboyo\/","title":{"rendered":"Whisky fermier normand &#8211; THORBOYO 42\u00b0"},"content":{"rendered":"<p>Ce\u00a0whisky\u00a0normand exceptionnel est vieilli avec soin pendant 3 ans en f\u00fbts de ch\u00eane. Issu d&#8217;orge cultiv\u00e9e localement et m\u00e9ticuleusement transform\u00e9e en malt, le\u00a0whisky Thor Boyo\u00a0r\u00e9v\u00e8le des ar\u00f4mes d\u00e9licats, domin\u00e9s par des notes florales fra\u00eeches, des parfums d&#8217;orange, de menthe poivr\u00e9e et de gingembre.<\/p>\n","protected":false},"excerpt":{"rendered":"<p>Ce\u00a0whisky\u00a0normand exceptionnel est vieilli avec soin pendant 3 ans en f\u00fbts de ch\u00eane. Issu d&#8217;orge cultiv\u00e9e localement et m\u00e9ticuleusement transform\u00e9e en malt, le\u00a0whisky Thor Boyo\u00a0r\u00e9v\u00e8le des ar\u00f4mes d\u00e9licats, domin\u00e9s par des notes florales fra\u00eeches, des parfums d&#8217;orange, de menthe poivr\u00e9e et de gingembre.<\/p>\n","protected":false},"featured_media":4862,"template":"","meta":[],"product_cat":[62,67],"product_tag":[],"class_list":{"0":"post-3848","1":"product","2":"type-product","3":"status-publish","4":"has-post-thumbnail","6":"product_cat-whiskies","7":"product_cat-whisky-francais","9":"first","10":"instock","11":"shipping-taxable","12":"purchasable","13":"product-type-simple","14":"col-xs-6 col-sm-4","15":"col-md-3 col-lg-3","16":"un-4-cols"},"aioseo_notices":[],"_links":{"self":[{"href":"https:\/\/www.la-cave-de-villers.fr\/vente-en-ligne\/wp-json\/wp\/v2\/product\/3848","targetHints":{"allow":["GET"]}}],"collection":[{"href":"https:\/\/www.la-cave-de-villers.fr\/vente-en-ligne\/wp-json\/wp\/v2\/product"}],"about":[{"href":"https:\/\/www.la-cave-de-villers.fr\/vente-en-ligne\/wp-json\/wp\/v2\/types\/product"}],"version-history":[{"count":0,"href":"https:\/\/www.la-cave-de-villers.fr\/vente-en-ligne\/wp-json\/wp\/v2\/product\/3848\/revisions"}],"wp:featuredmedia":[{"embeddable":true,"href":"https:\/\/www.la-cave-de-villers.fr\/vente-en-ligne\/wp-json\/wp\/v2\/media\/4862"}],"wp:attachment":[{"href":"https:\/\/www.la-cave-de-villers.fr\/vente-en-ligne\/wp-json\/wp\/v2\/media?parent=3848"}],"wp:term":[{"taxonomy":"product_cat","embeddable":true,"href":"https:\/\/www.la-cave-de-villers.fr\/vente-en-ligne\/wp-json\/wp\/v2\/product_cat?post=3848"},{"taxonomy":"product_tag","embeddable":true,"href":"https:\/\/www.la-cave-de-villers.fr\/vente-en-ligne\/wp-json\/wp\/v2\/product_tag?post=3848"}],"curies":[{"name":"wp","href":"https:\/\/api.w.org\/{rel}","templated":true}]}}