{"id":4838,"date":"2025-08-21T18:01:06","date_gmt":"2025-08-21T16:01:06","guid":{"rendered":"https:\/\/www.la-cave-de-villers.fr\/vente-en-ligne\/?post_type=product&#038;p=4838"},"modified":"2025-09-12T16:33:48","modified_gmt":"2025-09-12T14:33:48","slug":"biere-hiver-75-brasserie-de-lodon-33-cl","status":"publish","type":"product","link":"https:\/\/www.la-cave-de-villers.fr\/vente-en-ligne\/produit\/biere-hiver-75-brasserie-de-lodon-33-cl\/","title":{"rendered":"Bi\u00e8re Hiver 7,5\u00b0 &#8211; Brasserie de l&#8217;Odon &#8211; 33 cl"},"content":{"rendered":"<p>Notre bi\u00e8re d\u2019hiver est une bi\u00e8re brune brass\u00e9e avec du malt de seigle torrefi\u00e9.\u00a0La torr\u00e9faction apporte des note de Cacao, de chocolat voire de caf\u00e9, en fonction de son intensit\u00e9.\u00a0<\/p>\n<p>Son v\u00e9ritable petit nom est Chocolate Rye Porter !<\/p>\n<p>C\u2019est une bi\u00e8re plus ronde que notre Porter, le seigle chocolat apporte des notes plus douces, se rapprochant de celles d\u2019une bi\u00e8re ambr\u00e9e.<\/p>\n","protected":false},"excerpt":{"rendered":"<p>Notre bi\u00e8re d\u2019hiver est une bi\u00e8re brune brass\u00e9e avec du malt de seigle torrefi\u00e9.\u00a0La torr\u00e9faction apporte des note de Cacao, de chocolat voire de caf\u00e9, en fonction de son intensit\u00e9.\u00a0 Son v\u00e9ritable petit nom est Chocolate Rye Porter ! C\u2019est une bi\u00e8re plus ronde que notre Porter, le seigle chocolat apporte des notes plus douces,&hellip;<\/p>\n","protected":false},"featured_media":4824,"template":"","meta":[],"product_cat":[72,55,73],"product_tag":[],"class_list":{"0":"post-4838","1":"product","2":"type-product","3":"status-publish","4":"has-post-thumbnail","6":"product_cat-biere-bouteille","7":"product_cat-bieres","8":"product_cat-brasserie-de-lodon","10":"first","11":"outofstock","12":"shipping-taxable","13":"purchasable","14":"product-type-simple","15":"col-xs-6 col-sm-4","16":"col-md-3 col-lg-3","17":"un-4-cols"},"aioseo_notices":[],"_links":{"self":[{"href":"https:\/\/www.la-cave-de-villers.fr\/vente-en-ligne\/wp-json\/wp\/v2\/product\/4838","targetHints":{"allow":["GET"]}}],"collection":[{"href":"https:\/\/www.la-cave-de-villers.fr\/vente-en-ligne\/wp-json\/wp\/v2\/product"}],"about":[{"href":"https:\/\/www.la-cave-de-villers.fr\/vente-en-ligne\/wp-json\/wp\/v2\/types\/product"}],"version-history":[{"count":0,"href":"https:\/\/www.la-cave-de-villers.fr\/vente-en-ligne\/wp-json\/wp\/v2\/product\/4838\/revisions"}],"wp:featuredmedia":[{"embeddable":true,"href":"https:\/\/www.la-cave-de-villers.fr\/vente-en-ligne\/wp-json\/wp\/v2\/media\/4824"}],"wp:attachment":[{"href":"https:\/\/www.la-cave-de-villers.fr\/vente-en-ligne\/wp-json\/wp\/v2\/media?parent=4838"}],"wp:term":[{"taxonomy":"product_cat","embeddable":true,"href":"https:\/\/www.la-cave-de-villers.fr\/vente-en-ligne\/wp-json\/wp\/v2\/product_cat?post=4838"},{"taxonomy":"product_tag","embeddable":true,"href":"https:\/\/www.la-cave-de-villers.fr\/vente-en-ligne\/wp-json\/wp\/v2\/product_tag?post=4838"}],"curies":[{"name":"wp","href":"https:\/\/api.w.org\/{rel}","templated":true}]}}